 0 = 4*o - i - 0 + 81. What is the tens digit of (-1119)/o - 4/14?
5
Suppose 5*s + 4 = -2*c, 3*c + 18 = 7*c - 3*s. Suppose 0 = c*q - 5*r - 68, -5*r - 43 = -5*q + 57. What is the units digit of (4*-1)/(q/(-64))?
6
Suppose 3*k + 9 = 6*k. Suppose -t - 4 = -k*t. Suppose -t*z - 2*x = -6*x - 54, 0 = 5*z + 4*x - 93. What is the tens digit of z?
2
Suppose 0*a + 15 = -a. What is the units digit of (-4)/(-6) - 575/a?
9
Let l = -101 + 1012. What is the hundreds digit of l?
9
Suppose 0 = 3*q - 2*q + 2. Let u be (-1)/(3/54) - q. What is the tens digit of 2055/120 - (-2)/u?
1
Let j be -9*(-95)/5 - 2. Let o = j - 49. What is the hundreds digit of o?
1
Suppose 4*f = y + 6297, -2*f - 319 = -y - 3466. What is the thousands digit of f?
1
Let a(z) = 547*z**2 + z - 9. What is the hundreds digit of a(1)?
5
Let m(l) = -55*l - 17. What is the units digit of m(-10)?
3
Let s = -1015 + 1712. What is the hundreds digit of s?
6
Let o be (18/8)/(-4 + (-209)/(-52)). Let g = -59 + o. What is the units digit of g?
8
Let c = -4497 + 7548. What is the thousands digit of c?
3
Let x(t) = -t**2 + 8*t - 8. Let o be x(6). Suppose -13*w - 218 = -15*w. Suppose 4*q - w = -3*k, -o*q + 103 = -0*k + k. What is the units digit of q?
5
Let x(q) = -q**2 - 38*q - 3. Let i be x(-11). Suppose 3*f + a - i = -2*a, 4*f - 3*a = 357. What is the tens digit of f?
9
Let h(u) = 0 + 3 - 2 + 3*u + u**2. Let a be h(-1). Let k = a + 14. What is the units digit of k?
3
Let q be -10*(2 - 15/6). Suppose -1 = -b - 3*f - 9, -12 = 3*b + q*f. What is the tens digit of (b - 1) + -7 + 37?
3
Let z(f) = 2*f - 2. Suppose -3*k = 2*d - 28, -2*k + 20 = 4*d - 20. Let i be z(d). Let y(w) = -w + 19. What is the units digit of y(i)?
5
Suppose -62*u + 115273 + 20817 = 0. What is the units digit of u?
5
Suppose -9*w = -1057 - 1229. What is the units digit of w?
4
Let z be 2/(-10) - (-715717)/85. What is the hundreds digit of (-4)/10 + z/50?
1
Let a(p) = p**2 - 6*p + 4. Let n be a(6). Suppose n*s - 3 = 17. Suppose -5*m + 31 = 3*v + v, s*m - 17 = -3*v. What is the tens digit of v?
1
Let b(k) = -k - 11. Let t be b(-6). Let o be 0/2*t/(-10). Suppose o*y + y = 4. What is the units digit of y?
4
Let n be 25/(-10)*(-6)/5. Suppose -n*y + 81 = 8*f - 3*f, -4*f + 4*y + 84 = 0. What is the units digit of f?
8
Let r be (-4)/(-22) - (-1836)/187. Suppose r*t = 2*t + 2608. What is the hundreds digit of t?
3
Let q = 1051 - 735. Suppose 1024 = 10*b - q. What is the units digit of b?
4
Let h(v) = 83*v**3 + 3*v**2 - 17*v + 20. What is the thousands digit of h(3)?
2
What is the hundreds digit of 213018/702 + (-4)/9?
3
Let g = 206 + -121. What is the tens digit of g?
8
Let w(c) = 3*c**2 + 2*c - 3. Let q be w(2). Suppose -2*j = -3*x + 18, -5*x + 5*j + 22 + q = 0. What is the units digit of x?
4
Suppose 2*y = 3*b - 3132, -5*b + 4*y = 3*y - 5213. What is the thousands digit of b?
1
Let j(p) = -p**2 + 5*p - 6. Let y be j(4). What is the units digit of 9 - (y + 4 - 0)?
7
Suppose 3821 = 2*i + 3*g, -g = -4*i + 8600 - 951. What is the tens digit of i?
1
Let x(i) = 88*i**3 - i**2 + 3*i - 3. Let d(t) = t**3 + t**2 - t + 1. Let n(k) = 2*d(k) + x(k). Let r be n(1). Let w = r - 29. What is the units digit of w?
2
Let u be 66 - (3 + (3 - 3)). Suppose 31 + u = -4*i - b, 4*b = -4*i - 88. Let m = i + 82. What is the units digit of m?
8
Let c be (-2)/(-2) + 3 + -1. Let a(w) = 1 + 3 + c*w - 1 - 2 + 4*w**2 + w**3. What is the units digit of a(-2)?
3
Let m = 0 + 3. Let g = 8 - 6. Suppose -2*p - p + m = -n, 0 = g*n + p - 15. What is the units digit of n?
6
Let y = 8357 - 4300. What is the thousands digit of y?
4
Suppose -5*w = -51*o + 46*o + 12265, 0 = 3*w. What is the tens digit of o?
5
Suppose 2*u - 5*v - 1890 = 1196, -1543 = -u + 5*v. What is the units digit of u?
3
Let r(x) = x**2 - x - 3. Let o be 39/9 + 2/3. Suppose o*c - 3*q = 0, -c - 4*q - 28 = q. What is the units digit of r(c)?
9
Suppose 2*m - 1014 = -2*t, 0 = -19*t + 17*t - 4. What is the hundreds digit of m?
5
Suppose 42 - 36 = g. Suppose 0 = 3*r - 3 + 15. Let o = g + r. What is the units digit of o?
2
Let j = -111 - -728. What is the tens digit of j?
1
Suppose 13*q + 30 = -2*q. What is the units digit of (-8 - q)/(-2 - (-30)/16)?
8
Let j = -72 - -76. Suppose -453 = -j*l + 3*c + 92, -4*l + 524 = 4*c. What is the tens digit of l?
3
Let d be 6/15 + 13/5. Let m(y) be the first derivative of -y**3/3 + 4*y**2 - 4*y + 20. What is the units digit of m(d)?
1
Suppose -5*s = -5*y - 5665, -14*y = 5*s - 15*y - 5677. What is the units digit of s?
6
Let o(y) = -y**3 + 9*y**2 - 9*y - 2. Let b be o(8). Let v = 18 + b. Let i = v + -6. What is the units digit of i?
2
Suppose 4*z + 6 = -2. Let d = 43 + z. What is the units digit of d?
1
Let h = -941 + 1598. What is the units digit of h?
7
Let v be (-540)/39 + 2/(-13). Let i = v + 16. Suppose -i*c + 132 = c. What is the tens digit of c?
4
Let b(h) = -2*h**3 + 2*h**2 + 2*h + 3. Suppose -x = -2*i + 4*x - 4, 3*i - 4*x = 8. Suppose 0*d + 4*d = -i. What is the units digit of b(d)?
3
Suppose -s = -10*s + 702. Let h = 26 + s. What is the hundreds digit of h?
1
Let f(u) = 2*u**2 - 10*u + 4. Let a be f(5). What is the tens digit of (-3 - a/(-4))*-15?
3
Let b = 1457 - 1305. What is the units digit of b?
2
Let c(n) = 46*n**3 - 8*n**2 + 5*n - 1. What is the units digit of c(4)?
5
Suppose 2*k = 2*v + 14, 2*v + 6 + 2 = 0. Suppose 5*b - 12 = -4*x, -k*b - 2*x + 6 = -2*b. Suppose b = t - 4 + 1. What is the units digit of t?
3
Let h = -154 + 409. Suppose 0 = -2*v - 3*v + h. What is the tens digit of v?
5
Suppose -2*m + 6 = 4. What is the tens digit of ((m - -40) + 0)/((-1)/(-1))?
4
Suppose 6*d - 1 = 35. Let w = -41 + 86. Let k = d + w. What is the units digit of k?
1
Let o = 829 - 398. What is the hundreds digit of o?
4
Suppose 2*s = -2*i + 3672, 0 = 2*i + 4*s - 2346 - 1332. What is the tens digit of i?
3
Let r be (3 + -4)*-1 - -1. Suppose -r*s + 5*s = 9. Suppose 43 = q + 5*k, 5*q - s*k - 79 = 24. What is the tens digit of q?
2
Let t(n) be the first derivative of n**3/3 - 13*n**2/2 + 4*n - 2. What is the tens digit of t(24)?
6
Suppose -2710 = -11*t + 1151. What is the units digit of t?
1
Suppose -132 = -3*h - 4*s, 0 = 5*h + 4*s + 20 - 248. What is the tens digit of h?
4
Let o(f) be the second derivative of 1/3*f**3 - 1/20*f**5 - 1/2*f**2 - f + 0 + 7/12*f**4. What is the tens digit of o(7)?
1
Let w be 3 + (-79)/(-11) + (-8)/44. Suppose w*d = 648 + 332. What is the tens digit of d?
9
Let b = 3268 - 1195. What is the hundreds digit of b?
0
What is the hundreds digit of (-5)/((2 + 6)/(-160))?
1
Let q(j) = 273*j + 46. What is the units digit of q(5)?
1
Let d be (5 + -6 + -4)/((-2)/242). Suppose -3*a + d = 50. What is the tens digit of a?
8
Let t(d) = 2*d**3 - 5*d**2 + 2*d - 2. Let x be t(5). Let u(v) = -x + 142 + 0*v - v. What is the units digit of u(0)?
9
Suppose q - 3*u - 12 = 2*q, -2*q + 1 = u. Suppose -5*p + 4*p = -q, -5*p + 11 = r. Let x = r - -21. What is the tens digit of x?
1
Let o = -90 + 2532. What is the tens digit of o?
4
What is the thousands digit of 57*(-451)/(-22)*2?
2
Let f(u) = -u**3 - 20*u**2 - 40*u - 24. Suppose 29 = -3*c + 2*n - 15, -3*c - 29 = -5*n. What is the units digit of f(c)?
8
Let v(f) = 101*f**3 + 4*f**2 - 5*f + 5. What is the tens digit of v(2)?
1
Suppose 5*c = 13 - 3. Let i(g) = 12*g**2 - 4*g + 1. What is the tens digit of i(c)?
4
Let p be -81 + -2 + 2 + 0. Let o = p - -145. What is the units digit of o?
4
Let u = 1643 - 1109. Let p = 25 - 37. What is the tens digit of 3/p - u/(-24)?
2
Suppose 5*p + 3*t = 9, -p = 5*t + 3 - 18. Suppose -3*g + 4*w + 15 = 0, 3*g - 4*g + 3*w + 10 = p. What is the units digit of (g/(-3))/((-1)/6)?
2
Let l be (-130)/(-50) + 3/(-5). Suppose 4*o - 3*p = 68, 7*o - 5*p = l*o + 90. What is the units digit of o?
4
Let h = -822 + 2057. What is the units digit of h?
5
Let n be (4/(-7))/(42/(-147)). Suppose -370 + 68 = -n*y. What is the tens digit of y?
5
Let j(s) = -s**3 + 2*s**2 - 5. Let v be j(-3). What is the tens digit of 64/v*75/2?
6
Let x(h) = 2*h**2 - 25*h + 29. Let m be x(22). Suppose 3*u - m + 57 = -3*z, -z + 127 = -2*u. What is the hundreds digit of z?
1
Let k = 1 + -5. Let t be -5*((-36)/5)/k. Let w = t + 34. What is the units digit of w?
5
Suppose -3*l + l = 0. Let b(m) = -m + 5*m**2 - 3*m**2 + l*m - 1. What is the units digit of b(